+ -57. Let k = l - 36. Suppose 2*i + 3*w - 20 = 0, 5*i - 22 = 2*w + k. Calculate the greatest common divisor of 20 and i.
10
Suppose u = -4*u - 3*z - 56, 0 = -u - 3*z - 4. Let y = u + 9. Let f be (4/10)/(y/(-120)). What is the highest common factor of 3 and f?
3
Let p be (-2304)/(-46) - (-132)/(-1518). Calculate the greatest common divisor of p and 2.
2
Suppose -3*r - 114 = -5*n, n - 12 = -5*r + 2*r. Calculate the greatest common divisor of 1 and n.
1
Suppose -151*o + 158*o = 182. What is the greatest common divisor of 702 and o?
26
Let j(f) = f**3 - 24*f**2 - 78*f - 64. Let g be j(27). Let u = 89 - -30. Calculate the greatest common divisor of u and g.
17
Suppose 95*b - 6061 = 3914. Calculate the highest common divisor of 375 and b.
15
Let k = -9 - -15. Suppose 2136 = 41*m + 48*m. What is the highest common divisor of m and k?
6
Let v = 1353 - 1289. Calculate the greatest common divisor of 56 and v.
8
Let n = 1122 + -1003. What is the highest common factor of n and 14?
7
Let u = 605 + -589. Let h be (-4)/(-1)*(-120)/(-6). What is the greatest common factor of u and h?
16
Let j be -8 + (20 - 7) - -22. Calculate the greatest common divisor of 72 and j.
9
Suppose 900 = 332*t - 317*t. Calculate the highest common factor of t and 120.
60
Let c(p) = 59*p + 63. Let z be c(7). What is the greatest common factor of 28 and z?
28
Let u be (-1)/(-2 + 27/15). Let x be (-6 + u)*10/(-2). Suppose 28 = f + x*l, 2*l = -6*f + f + 94. Calculate the greatest common divisor of 162 and f.
18
Suppose -95 = -p - 0*p. Suppose 43*w - 750 = -13 + 80. Calculate the highest common factor of w and p.
19
Suppose 21*u - 9120 = -17*u. Calculate the highest common divisor of u and 150.
30
Suppose 0 = -2*d - 2*b + 16, -d + 3*b + 8 = -0*b. Let h = -4 - -2. Let j be -2 + 3/(h - -3). What is the greatest common divisor of d and j?
1
Suppose -67*b + 1840 = -57*b. Calculate the greatest common factor of 16 and b.
8
Let d(h) = h**3 - 20*h**2 + 19*h + 2. Let l be d(19). Suppose 0 = 5*a - 3*n - 102, -l*a = 4*n - 0*n - 20. Calculate the greatest common factor of 6 and a.
6
Let s = -63 - -94. Let g = s + -51. Let z be (2 + -22)*8/g. What is the highest common factor of z and 80?
8
Suppose 0 = -99*k - 938 + 8165. Calculate the greatest common factor of 2993 and k.
73
Let n be (12/18)/(4/18). Let g = 27 - n. Calculate the highest common factor of g and 16.
8
Let x(t) be the first derivative of -15*t**4/4 - t**3 - t**2/2 + 11. Let p be x(-2). Calculate the greatest common factor of p and 44.
22
Suppose 4*x - b + 6*b = 17, 2*b = 2*x - 4. Suppose 0*y = -x*y. Suppose -3*k = -o + 12, -o + 4*o - k - 36 = y. What is the highest common factor of o and 96?
12
Let r be ((-86)/10 + 0)/(7/(-385)). Calculate the greatest common divisor of r and 43.
43
Suppose 2*h = -c + 94, 0 = 3*c + 4*h - 93 - 179. Let r = c + -56. What is the highest common factor of r and 4?
4
Suppose 2*c - 243 = -3*g, -5*c = g - 6*g + 405. Let p(i) = -28*i + 9. Let t be p(0). What is the highest common divisor of t and g?
9
Let z(b) = -b + 3. Let n be z(-3). Let g(d) = d**2 + d**2 + 4 + 0*d**2 + 11*d**3 + d - n. Let p be g(1). What is the highest common divisor of p and 108?
12
Let n = -6 + 9. Suppose n*v + 7 = -a + 3, -4*a + 12 = -2*v. Suppose -2*h - 44 = -5*h + b, -5*h + 77 = a*b. What is the greatest common divisor of 105 and h?
15
Let d be (1 - 5)/(2*(-4 - -3)). Suppose 44 + 4 = d*f. Calculate the greatest common divisor of 8 and f.
8
Let r(s) = s**2 - 13. Let m be r(-7). What is the highest common factor of 612 and m?
36
Suppose 3*s - 2*g = 3219, -4*g + 2394 = 4*s - 1898. Calculate the greatest common factor of s and 74.
37
Let d(s) = s**2 - 2*s - 71. Let x be d(11). Calculate the greatest common divisor of 343 and x.
7
Let k(v) = -31*v + 370. Let p be k(10). Suppose -5*w + m + 195 = -0*m, -4*m + 60 = w. Calculate the greatest common factor of p and w.
20
Suppose 2*i - 10 = 0, 5*x - 5*i = -3*i. Suppose -2 = -x*q + 36. Calculate the greatest common factor of q and 95.
19
Suppose 5*f - 5*p - 1360 = 0, -4*f + 0*p - 3*p + 1109 = 0. Calculate the highest common factor of 175 and f.
25
Let p(f) = -f**2 - 9*f + 4. Let d(i) = i**2 + 9*i - 5. Let y be d(-9). Let u be p(y). Let z = u - 6. Calculate the greatest common factor of 9 and z.
9
Suppose 38 = 2*w - 2*y, -4*w + 3*y - 11 = -82. Suppose -4*m + 70 = -14. Calculate the highest common factor of m and w.
7
Let v = -1247 + 1755. What is the highest common factor of v and 127?
127
Let s be ((-2)/3)/((-4)/138). Calculate the highest common factor of s and 92.
23
Suppose -3*x - 75 = -f + 2*x, 4*f + 5*x - 225 = 0. Suppose -2*t - 5*b = -28, -b = 3*t + 2*b - f. What is the greatest common divisor of t and 3?
3
Let s be 1 + 15 + ((-27)/(-3) - 8). Calculate the highest common factor of 629 and s.
17
Let q be 8 - (-17)/(-2) - (-63)/6. Let i = 2 + 6. What is the highest common divisor of q and i?
2
Let b(k) = k**3 + 25*k**2 + 30*k - 225. Let w be b(-20). Calculate the highest common factor of w and 47.
47
Suppose -408*h + 40 = -400*h. Suppose 4*k + 5*x = 0, -2*k + 4*k - 26 = 4*x. Calculate the highest common factor of h and k.
5
Let u be 6 + 87 + 7 - 9. What is the highest common divisor of u and 364?
91
Let i be 6/9 - (-172)/12. Let g = 11 - i. Let f be 1/(-2) - 26/g. What is the highest common divisor of f and 12?
6
Suppose -5*j + 2 + 13 = 0. Suppose 8*o - 40 = j*o. Let m = -1 + 3. Calculate the greatest common divisor of m and o.
2
Suppose -2*x = 5*v - 4, 8*v - 4*v = -2*x + 4. Let t(a) = 33 - a**3 + 11*a + a**2 - 32 - 12*a. Let j be t(v). Calculate the highest common divisor of j and 7.
1
Let c(p) = p**3 + 4*p**2 + 4*p - 9. Let s be c(5). Calculate the greatest common divisor of s and 590.
118
Let v be (-96)/(-18) + (-2)/6. Suppose v*f + 4*g + 73 = 0, 2*g - 14 = 4*f + 34. Let r be 3/(-5) + f/(-5). What is the greatest common factor of r and 1?
1
Let z(d) = 9*d - 169. Let l be z(21). What is the greatest common factor of l and 380?
20
Let t(q) = -2*q**2 - 44*q + 1. Suppose -3*j - 5*w = j + 108, j + 38 = -4*w. Let z be t(j). What is the highest common factor of 4 and z?
1
Let d = -155 - -324. Calculate the highest common divisor of 13 and d.
13
Suppose 3*n - 16 - 145 = 4*r, -n = 4*r - 59. Suppose 5*t - 11 = -91. Let g = t - -21. Calculate the highest common divisor of g and n.
5
Let b = 31 - 20. Suppose c + 442 = 5*j, 4*j + 2*c - 71 = 277. What is the highest common factor of j and b?
11
Let b(g) = 2*g**2 + 10*g + 6. Let t be b(-8). Let l = t + -35. Suppose -k - 1 = -3*z, 0 = -k - z - z + l. Calculate the highest common factor of 121 and k.
11
Let t(f) = -16*f - 26. Let u be t(-2). Calculate the highest common factor of 6 and u.
6
Suppose -71 = 3*t - 632. Calculate the highest common divisor of t and 34.
17
Let z(g) = -g + 13. Let r be z(7). Suppose r*l = 3*l + 27. Let n be 4/(-18) + 380/l. What is the greatest common divisor of n and 6?
6
Let n(f) = 2*f + 32. Suppose 0 = b - 5*b - 28. Let t be n(b). Let a = 6 - 0. What is the greatest common divisor of t and a?
6
Suppose -15*n - 16*n = -961. Calculate the highest common factor of 1612 and n.
31
Let c be 2/5*30/4. Let m be 7/(c/(12/2)). What is the greatest common factor of m and 14?
14
Let a(s) = 4*s**2 + 2*s - 1. Let c be a(1). Suppose 4*q + 80 = c*w + q, -2*w = -4*q - 46. Calculate the greatest common factor of 26 and w.
13
Suppose 10*p - 15*p + 1563 = 4*u, 2*u = p + 771. Calculate the highest common factor of u and 43.
43
Let r = 2723 - 462. Calculate the greatest common factor of r and 57.
19
Let f be (-22610)/(-238)*(-34)/(-10). Calculate the greatest common factor of 76 and f.
19
Suppose 52 = -0*z - z. Suppose 119 = -3*v + 4*q - 3*q, 0 = 2*q + 2. Let c be 10*5/(v/z). Calculate the greatest common divisor of 26 and c.
13
Let u = -8286 + 8381. Suppose 0 = -s + 11 + 8. What is the greatest common factor of s and u?
19
Suppose v - k + 8 = 0, 0*v = 4*v + 2*k + 44. Let x be 2 - -27 - v/(-2). What is the greatest common divisor of x and 3?
3
Let y = -750 - -764. Let n(p) = 11*p**2 + 3*p + 4. Let k be n(3). Calculate the greatest common divisor of k and y.
14
Let i = -88 - -345. Calculate the greatest common factor of 1 and i.
1
Suppose -2*v - f + 1 + 15 = 0, 4*f - 28 = -2*v. Suppose -v*x + 5*x + 110 = 0. What is the greatest common factor 